{"id":451,"date":"2011-07-01T00:00:47","date_gmt":"2011-06-30T22:00:47","guid":{"rendered":"http:\/\/huxlipux.de\/blog\/?page_id=451"},"modified":"2013-10-10T01:56:53","modified_gmt":"2013-10-09T23:56:53","slug":"hinweise-fur-huxlipux-eltern","status":"publish","type":"page","link":"https:\/\/huxlipux.de\/blog\/hinweise-fur-huxlipux-eltern\/","title":{"rendered":"Hinweise f\u00fcr Huxlipux-Eltern"},"content":{"rendered":"<h4>Tipps zum Drucken<\/h4>\n<p>Sie k\u00f6nnen alle Artikel ausdrucken, wenn Sie vielleicht sp\u00e4ter am Bett des Kindes oder bei den Gro\u00dfeltern usw.\u00a0 noch einmal vorlesen m\u00f6chten. Denn \u00fcberall hin kann man ja seinen Computer nicht mitnehmen.<\/p>\n<h4>Tipps zum Bilder schicken<\/h4>\n<p>Wenn sie keinen Scanner besitzen, um eine Kinderzeichnung einzuscannen, k\u00f6nnen Sie das Bild auch fotografieren und das Bild nach Huxlipux verschicken.<\/p>\n<p>Ihr Kind wird sich freuen, wenn es seine Arbeit oder auch ein Foto von sich selbst in Huxlipux wiedersieht.<\/p>\n<p>Machen Sie Ihrem Kind die Freude, etwas mitmachen zu d\u00fcrfen<\/p>\n","protected":false},"excerpt":{"rendered":"<p class=\"excerpt\">Tipps zum Drucken Sie k\u00f6nnen alle Artikel ausdrucken, wenn Sie vielleicht sp\u00e4ter am Bett des Kindes oder bei den Gro\u00dfeltern usw.\u00a0 noch einmal vorlesen m\u00f6chten. Denn \u00fcberall hin kann man&hellip; <span class=\"more-link\">more<\/span><\/p>\n","protected":false},"author":2,"featured_media":0,"parent":0,"menu_order":0,"comment_status":"open","ping_status":"open","template":"","meta":{"footnotes":""},"class_list":["post-451","page","type-page","status-publish","hentry"],"yoast_head":"<!-- This site is optimized with the Yoast SEO plugin v26.9 - https:\/\/yoast.com\/product\/yoast-seo-wordpress\/ -->\n<title>Hinweise f\u00fcr Huxlipux-Eltern - Huxlipux.de<\/title>\n<meta name=\"robots\" content=\"index, follow, max-snippet:-1, max-image-preview:large, max-video-preview:-1\" \/>\n<link rel=\"canonical\" href=\"https:\/\/huxlipux.de\/blog\/hinweise-fur-huxlipux-eltern\/\" \/>\n<meta property=\"og:locale\" content=\"de_DE\" \/>\n<meta property=\"og:type\" content=\"article\" \/>\n<meta property=\"og:title\" content=\"Hinweise f\u00fcr Huxlipux-Eltern - Huxlipux.de\" \/>\n<meta property=\"og:description\" content=\"Tipps zum Drucken Sie k\u00f6nnen alle Artikel ausdrucken, wenn Sie vielleicht sp\u00e4ter am Bett des Kindes oder bei den Gro\u00dfeltern usw.\u00a0 noch einmal vorlesen m\u00f6chten. Denn \u00fcberall hin kann man&hellip; more\" \/>\n<meta property=\"og:url\" content=\"https:\/\/huxlipux.de\/blog\/hinweise-fur-huxlipux-eltern\/\" \/>\n<meta property=\"og:site_name\" content=\"Huxlipux.de\" \/>\n<meta property=\"article:modified_time\" content=\"2013-10-09T23:56:53+00:00\" \/>\n<script type=\"application\/ld+json\" class=\"yoast-schema-graph\">{\"@context\":\"https:\/\/schema.org\",\"@graph\":[{\"@type\":\"WebPage\",\"@id\":\"https:\/\/huxlipux.de\/blog\/hinweise-fur-huxlipux-eltern\/\",\"url\":\"https:\/\/huxlipux.de\/blog\/hinweise-fur-huxlipux-eltern\/\",\"name\":\"Hinweise f\u00fcr Huxlipux-Eltern - Huxlipux.de\",\"isPartOf\":{\"@id\":\"https:\/\/huxlipux.de\/blog\/#website\"},\"datePublished\":\"2011-06-30T22:00:47+00:00\",\"dateModified\":\"2013-10-09T23:56:53+00:00\",\"breadcrumb\":{\"@id\":\"https:\/\/huxlipux.de\/blog\/hinweise-fur-huxlipux-eltern\/#breadcrumb\"},\"inLanguage\":\"de\",\"potentialAction\":[{\"@type\":\"ReadAction\",\"target\":[\"https:\/\/huxlipux.de\/blog\/hinweise-fur-huxlipux-eltern\/\"]}]},{\"@type\":\"BreadcrumbList\",\"@id\":\"https:\/\/huxlipux.de\/blog\/hinweise-fur-huxlipux-eltern\/#breadcrumb\",\"itemListElement\":[{\"@type\":\"ListItem\",\"position\":1,\"name\":\"Home\",\"item\":\"https:\/\/huxlipux.de\/blog\/\"},{\"@type\":\"ListItem\",\"position\":2,\"name\":\"Hinweise f\u00fcr Huxlipux-Eltern\"}]},{\"@type\":\"WebSite\",\"@id\":\"https:\/\/huxlipux.de\/blog\/#website\",\"url\":\"https:\/\/huxlipux.de\/blog\/\",\"name\":\"Huxlipux.de\",\"description\":\"Kinder-Geschichten Blog f\u00fcr Kinder von 3 bis 99\",\"potentialAction\":[{\"@type\":\"SearchAction\",\"target\":{\"@type\":\"EntryPoint\",\"urlTemplate\":\"https:\/\/huxlipux.de\/blog\/?s={search_term_string}\"},\"query-input\":{\"@type\":\"PropertyValueSpecification\",\"valueRequired\":true,\"valueName\":\"search_term_string\"}}],\"inLanguage\":\"de\"}]}<\/script>\n<!-- \/ Yoast SEO plugin. -->","yoast_head_json":{"title":"Hinweise f\u00fcr Huxlipux-Eltern - Huxlipux.de","robots":{"index":"index","follow":"follow","max-snippet":"max-snippet:-1","max-image-preview":"max-image-preview:large","max-video-preview":"max-video-preview:-1"},"canonical":"https:\/\/huxlipux.de\/blog\/hinweise-fur-huxlipux-eltern\/","og_locale":"de_DE","og_type":"article","og_title":"Hinweise f\u00fcr Huxlipux-Eltern - Huxlipux.de","og_description":"Tipps zum Drucken Sie k\u00f6nnen alle Artikel ausdrucken, wenn Sie vielleicht sp\u00e4ter am Bett des Kindes oder bei den Gro\u00dfeltern usw.\u00a0 noch einmal vorlesen m\u00f6chten. Denn \u00fcberall hin kann man&hellip; more","og_url":"https:\/\/huxlipux.de\/blog\/hinweise-fur-huxlipux-eltern\/","og_site_name":"Huxlipux.de","article_modified_time":"2013-10-09T23:56:53+00:00","schema":{"@context":"https:\/\/schema.org","@graph":[{"@type":"WebPage","@id":"https:\/\/huxlipux.de\/blog\/hinweise-fur-huxlipux-eltern\/","url":"https:\/\/huxlipux.de\/blog\/hinweise-fur-huxlipux-eltern\/","name":"Hinweise f\u00fcr Huxlipux-Eltern - Huxlipux.de","isPartOf":{"@id":"https:\/\/huxlipux.de\/blog\/#website"},"datePublished":"2011-06-30T22:00:47+00:00","dateModified":"2013-10-09T23:56:53+00:00","breadcrumb":{"@id":"https:\/\/huxlipux.de\/blog\/hinweise-fur-huxlipux-eltern\/#breadcrumb"},"inLanguage":"de","potentialAction":[{"@type":"ReadAction","target":["https:\/\/huxlipux.de\/blog\/hinweise-fur-huxlipux-eltern\/"]}]},{"@type":"BreadcrumbList","@id":"https:\/\/huxlipux.de\/blog\/hinweise-fur-huxlipux-eltern\/#breadcrumb","itemListElement":[{"@type":"ListItem","position":1,"name":"Home","item":"https:\/\/huxlipux.de\/blog\/"},{"@type":"ListItem","position":2,"name":"Hinweise f\u00fcr Huxlipux-Eltern"}]},{"@type":"WebSite","@id":"https:\/\/huxlipux.de\/blog\/#website","url":"https:\/\/huxlipux.de\/blog\/","name":"Huxlipux.de","description":"Kinder-Geschichten Blog f\u00fcr Kinder von 3 bis 99","potentialAction":[{"@type":"SearchAction","target":{"@type":"EntryPoint","urlTemplate":"https:\/\/huxlipux.de\/blog\/?s={search_term_string}"},"query-input":{"@type":"PropertyValueSpecification","valueRequired":true,"valueName":"search_term_string"}}],"inLanguage":"de"}]}},"_links":{"self":[{"href":"https:\/\/huxlipux.de\/blog\/wp-json\/wp\/v2\/pages\/451","targetHints":{"allow":["GET"]}}],"collection":[{"href":"https:\/\/huxlipux.de\/blog\/wp-json\/wp\/v2\/pages"}],"about":[{"href":"https:\/\/huxlipux.de\/blog\/wp-json\/wp\/v2\/types\/page"}],"author":[{"embeddable":true,"href":"https:\/\/huxlipux.de\/blog\/wp-json\/wp\/v2\/users\/2"}],"replies":[{"embeddable":true,"href":"https:\/\/huxlipux.de\/blog\/wp-json\/wp\/v2\/comments?post=451"}],"version-history":[{"count":5,"href":"https:\/\/huxlipux.de\/blog\/wp-json\/wp\/v2\/pages\/451\/revisions"}],"predecessor-version":[{"id":13604,"href":"https:\/\/huxlipux.de\/blog\/wp-json\/wp\/v2\/pages\/451\/revisions\/13604"}],"wp:attachment":[{"href":"https:\/\/huxlipux.de\/blog\/wp-json\/wp\/v2\/media?parent=451"}],"curies":[{"name":"wp","href":"https:\/\/api.w.org\/{rel}","templated":true}]}}