{"id":12571,"date":"2013-08-20T12:41:33","date_gmt":"2013-08-20T10:41:33","guid":{"rendered":"http:\/\/huxlipux.de\/blog\/?page_id=12571"},"modified":"2013-10-12T07:48:56","modified_gmt":"2013-10-12T05:48:56","slug":"kinder-geschichten","status":"publish","type":"page","link":"https:\/\/huxlipux.de\/blog\/kinder-geschichten\/","title":{"rendered":"Kinder Geschichten"},"content":{"rendered":"<h2>Tradition von Vorlese Geschichten<\/h2>\n<p>Das Erz\u00e4hlen von Kinder Geschichten ist in unserer Tradition schon sehr lange verankert und ist auch heute noch ein wichtiger Bestandteil in der Erziehung von Kindern. Auf unserer Seite stellen wir Geschichten zu verschiedenen Bereichen bereit und erm\u00f6glichen Kindern so selber zu entscheiden welche Geschichten sie gerne h\u00f6ren m\u00f6chten.<\/p>\n<h2>Kinder Geschichten auf Huxlipux<\/h2>\n<p>Die Kategorien drehen sich zum einen um<strong><span style=\"color: #ff00ff;\"> Allerlei \u00fcber Tiere<\/span><\/strong> oder gehen auf Kuscheltiere aus Huxlipux ein.Da auch besonders \u00fcber\u00a0<span style=\"color: #ff00ff;\">einen<strong> Eselarzt, Dr. Grauohr<\/strong><\/span>, der eine wichtige Funktion in Huxlipux aus\u00fcbt. Wie \u00fcberhaupt viele der Dinge, die zu Geschichten werden aus Huxlipux stammen. Also die Kuscheltiergeschichten in der Rubrik Hasenoma &#8211; Im <span style=\"color: #ff00ff;\"><strong>M\u00e4rchenhaus<\/strong><\/span> erz\u00e4hlt die Hasenoma M\u00e4rchen.\u00a0 Es hat sich eingeb\u00fcrgert, dass verschiedene Mitarbeiter unsere Huxlipuxfiguren mit in Urlaub nehmen. Daf\u00fcr haben wir eine Rubrik <strong><span style=\"color: #ff00ff;\">Reisen<\/span><\/strong> ge\u00f6ffnet<strong>.<span style=\"color: #ff00ff;\">Katja <\/span><\/strong>\u00a0 besch\u00e4ftigt sich in ihren Geschichten mit Pflanzen und Tieren\u00a0 und Leuten,deren Eigenschaften zu Gl\u00fccksp\u00fcnktchen ihres Tages werden und zum Wahrnehmen und Nachmachen rufen. <span style=\"color: #ff00ff;\">. <strong>Kapit\u00e4n Peter Hoffman<\/strong>\u00a0<\/span> erz\u00e4hlt in seinen Kindergeschichten von seinem Containerschiff.\u00a0 Aber es interessiert nat\u00fcrlich auch, wie der nicht \u00fcbliche Arbeitsrhythmus eines Kapit\u00e4ns gestaltet wird. Diese Geschichten erz\u00e4hlt<span style=\"color: #ff00ff;\"> <strong>Katrin Schrader<\/strong>.<\/span> Au\u00dferdem erz\u00e4hlen wir\u00a0 Geschichten von Tieren und aus Haus und Garten. dir Wei\u00dfenseeerin<span style=\"color: #ff00ff;\"><strong> Barbara B\u00f6hnke<\/strong><\/span> l\u00e4sst uns an ihren Erlebnissen teilnehmen.\u00a0 Weitere Kategorien sind <span style=\"color: #ff00ff;\">Lieder<\/span>, <span style=\"color: #ff00ff;\">M\u00e4rchenhaus<\/span>, <span style=\"color: #ff00ff;\">Dinge des Tages<\/span>, die jeweils Neues in den Beitr\u00e4gen ank\u00fcndigen\u00a0 und<span style=\"color: #ff00ff;\"> Dinge zum Freuen,\u00a0<span style=\"color: #000000;\">die m\u00f6glichst Spa\u00dfiges, haupfs\u00e4chlich Gedichte und kleine Verse beinhalten.\u00a0<\/span><\/span> Die Beitr\u00e4ge sind nicht zu lang und leicht verst\u00e4ndlich f\u00fcr Kinder. Geschichten auf unserer Seite beinhalten auch viele Fotos um die Kleinen zu fesseln und das Verst\u00e4ndnis zu f\u00f6rdern. Eine sehr einf\u00fchlsame Fotografin ist unsere <span style=\"color: #ff00ff;\"><strong>Karin Kettmann<\/strong><\/span>. nach deren Bildern es Spa\u00df macht dazu Geschichten zu entwickeln.Die meisten Geschichten und M\u00e4rchen stammen von <strong><span style=\"color: #ff00ff;\">Ursula B\u00f6hnke-Kuckhoff<\/span><\/strong>, die eine reiche Erfahrung auf diesem Gebiet aus ihrer langj\u00e4hrigen T\u00e4tigkeit bei der Zeitschrift Bummi mitbringt.<\/p>\n","protected":false},"excerpt":{"rendered":"<p class=\"excerpt\">Tradition von Vorlese Geschichten Das Erz\u00e4hlen von Kinder Geschichten ist in unserer Tradition schon sehr lange verankert und ist auch heute noch ein wichtiger Bestandteil in der Erziehung von Kindern.&hellip; <span class=\"more-link\">more<\/span><\/p>\n","protected":false},"author":1,"featured_media":0,"parent":0,"menu_order":0,"comment_status":"open","ping_status":"open","template":"","meta":{"footnotes":""},"class_list":["post-12571","page","type-page","status-publish","hentry"],"yoast_head":"<!-- This site is optimized with the Yoast SEO plugin v26.9 - https:\/\/yoast.com\/product\/yoast-seo-wordpress\/ -->\n<title>Kinder Geschichten - Huxlipux.de<\/title>\n<meta name=\"robots\" content=\"index, follow, max-snippet:-1, max-image-preview:large, max-video-preview:-1\" \/>\n<link rel=\"canonical\" href=\"https:\/\/huxlipux.de\/blog\/kinder-geschichten\/\" \/>\n<meta property=\"og:locale\" content=\"de_DE\" \/>\n<meta property=\"og:type\" content=\"article\" \/>\n<meta property=\"og:title\" content=\"Kinder Geschichten - Huxlipux.de\" \/>\n<meta property=\"og:description\" content=\"Tradition von Vorlese Geschichten Das Erz\u00e4hlen von Kinder Geschichten ist in unserer Tradition schon sehr lange verankert und ist auch heute noch ein wichtiger Bestandteil in der Erziehung von Kindern.&hellip; more\" \/>\n<meta property=\"og:url\" content=\"https:\/\/huxlipux.de\/blog\/kinder-geschichten\/\" \/>\n<meta property=\"og:site_name\" content=\"Huxlipux.de\" \/>\n<meta property=\"article:modified_time\" content=\"2013-10-12T05:48:56+00:00\" \/>\n<meta name=\"twitter:label1\" content=\"Gesch\u00e4tzte Lesezeit\" \/>\n\t<meta name=\"twitter:data1\" content=\"2\u00a0Minuten\" \/>\n<script type=\"application\/ld+json\" class=\"yoast-schema-graph\">{\"@context\":\"https:\/\/schema.org\",\"@graph\":[{\"@type\":\"WebPage\",\"@id\":\"https:\/\/huxlipux.de\/blog\/kinder-geschichten\/\",\"url\":\"https:\/\/huxlipux.de\/blog\/kinder-geschichten\/\",\"name\":\"Kinder Geschichten - Huxlipux.de\",\"isPartOf\":{\"@id\":\"https:\/\/huxlipux.de\/blog\/#website\"},\"datePublished\":\"2013-08-20T10:41:33+00:00\",\"dateModified\":\"2013-10-12T05:48:56+00:00\",\"breadcrumb\":{\"@id\":\"https:\/\/huxlipux.de\/blog\/kinder-geschichten\/#breadcrumb\"},\"inLanguage\":\"de\",\"potentialAction\":[{\"@type\":\"ReadAction\",\"target\":[\"https:\/\/huxlipux.de\/blog\/kinder-geschichten\/\"]}]},{\"@type\":\"BreadcrumbList\",\"@id\":\"https:\/\/huxlipux.de\/blog\/kinder-geschichten\/#breadcrumb\",\"itemListElement\":[{\"@type\":\"ListItem\",\"position\":1,\"name\":\"Home\",\"item\":\"https:\/\/huxlipux.de\/blog\/\"},{\"@type\":\"ListItem\",\"position\":2,\"name\":\"Kinder Geschichten\"}]},{\"@type\":\"WebSite\",\"@id\":\"https:\/\/huxlipux.de\/blog\/#website\",\"url\":\"https:\/\/huxlipux.de\/blog\/\",\"name\":\"Huxlipux.de\",\"description\":\"Kinder-Geschichten Blog f\u00fcr Kinder von 3 bis 99\",\"potentialAction\":[{\"@type\":\"SearchAction\",\"target\":{\"@type\":\"EntryPoint\",\"urlTemplate\":\"https:\/\/huxlipux.de\/blog\/?s={search_term_string}\"},\"query-input\":{\"@type\":\"PropertyValueSpecification\",\"valueRequired\":true,\"valueName\":\"search_term_string\"}}],\"inLanguage\":\"de\"}]}<\/script>\n<!-- \/ Yoast SEO plugin. -->","yoast_head_json":{"title":"Kinder Geschichten - Huxlipux.de","robots":{"index":"index","follow":"follow","max-snippet":"max-snippet:-1","max-image-preview":"max-image-preview:large","max-video-preview":"max-video-preview:-1"},"canonical":"https:\/\/huxlipux.de\/blog\/kinder-geschichten\/","og_locale":"de_DE","og_type":"article","og_title":"Kinder Geschichten - Huxlipux.de","og_description":"Tradition von Vorlese Geschichten Das Erz\u00e4hlen von Kinder Geschichten ist in unserer Tradition schon sehr lange verankert und ist auch heute noch ein wichtiger Bestandteil in der Erziehung von Kindern.&hellip; more","og_url":"https:\/\/huxlipux.de\/blog\/kinder-geschichten\/","og_site_name":"Huxlipux.de","article_modified_time":"2013-10-12T05:48:56+00:00","twitter_misc":{"Gesch\u00e4tzte Lesezeit":"2\u00a0Minuten"},"schema":{"@context":"https:\/\/schema.org","@graph":[{"@type":"WebPage","@id":"https:\/\/huxlipux.de\/blog\/kinder-geschichten\/","url":"https:\/\/huxlipux.de\/blog\/kinder-geschichten\/","name":"Kinder Geschichten - Huxlipux.de","isPartOf":{"@id":"https:\/\/huxlipux.de\/blog\/#website"},"datePublished":"2013-08-20T10:41:33+00:00","dateModified":"2013-10-12T05:48:56+00:00","breadcrumb":{"@id":"https:\/\/huxlipux.de\/blog\/kinder-geschichten\/#breadcrumb"},"inLanguage":"de","potentialAction":[{"@type":"ReadAction","target":["https:\/\/huxlipux.de\/blog\/kinder-geschichten\/"]}]},{"@type":"BreadcrumbList","@id":"https:\/\/huxlipux.de\/blog\/kinder-geschichten\/#breadcrumb","itemListElement":[{"@type":"ListItem","position":1,"name":"Home","item":"https:\/\/huxlipux.de\/blog\/"},{"@type":"ListItem","position":2,"name":"Kinder Geschichten"}]},{"@type":"WebSite","@id":"https:\/\/huxlipux.de\/blog\/#website","url":"https:\/\/huxlipux.de\/blog\/","name":"Huxlipux.de","description":"Kinder-Geschichten Blog f\u00fcr Kinder von 3 bis 99","potentialAction":[{"@type":"SearchAction","target":{"@type":"EntryPoint","urlTemplate":"https:\/\/huxlipux.de\/blog\/?s={search_term_string}"},"query-input":{"@type":"PropertyValueSpecification","valueRequired":true,"valueName":"search_term_string"}}],"inLanguage":"de"}]}},"_links":{"self":[{"href":"https:\/\/huxlipux.de\/blog\/wp-json\/wp\/v2\/pages\/12571","targetHints":{"allow":["GET"]}}],"collection":[{"href":"https:\/\/huxlipux.de\/blog\/wp-json\/wp\/v2\/pages"}],"about":[{"href":"https:\/\/huxlipux.de\/blog\/wp-json\/wp\/v2\/types\/page"}],"author":[{"embeddable":true,"href":"https:\/\/huxlipux.de\/blog\/wp-json\/wp\/v2\/users\/1"}],"replies":[{"embeddable":true,"href":"https:\/\/huxlipux.de\/blog\/wp-json\/wp\/v2\/comments?post=12571"}],"version-history":[{"count":14,"href":"https:\/\/huxlipux.de\/blog\/wp-json\/wp\/v2\/pages\/12571\/revisions"}],"predecessor-version":[{"id":13672,"href":"https:\/\/huxlipux.de\/blog\/wp-json\/wp\/v2\/pages\/12571\/revisions\/13672"}],"wp:attachment":[{"href":"https:\/\/huxlipux.de\/blog\/wp-json\/wp\/v2\/media?parent=12571"}],"curies":[{"name":"wp","href":"https:\/\/api.w.org\/{rel}","templated":true}]}}